16*j + 67. Suppose 78*y = 42*y + 324. Give b(y).
4
Let b = -193 + 205. Let j be -6*(60/90 + (-14)/b). Let w(a) = 5*a**2 - 3*a + 4. Calculate w(j).
40
Let q(n) = -2 + 1 - 2*n + 4*n**3 + 116*n**2 - 73*n**2 + n**3 - 42*n**2 - 3*n**3. Suppose 6 = t - 4*p, 0 = 3*t - 2*t - 2*p - 4. Give q(t).
15
Let m(i) = -i**3 + 5*i**2 - 3*i + 5. Suppose 3*x - 3*f + 18 = 0, -3*x + 7*x + 15 = f. Let j be (-3)/6*x*(-440)/(-132). Determine m(j).
-10
Let m(d) = -6*d**3 + 17*d**2 + 2*d + 9. Let b be m(3). Let a(i) = -17*i + 105. Calculate a(b).
3
Let k(r) = 11 + 8 + 11 - 171*r + 169*r - 3. Suppose 42*n - 50*n + 104 = 0. Calculate k(n).
1
Let u = 2 - -5. Let m(o) = -71*o - o**3 + 153*o + u - 76*o - 5*o**2. Calculate m(-6).
7
Let y = -7 + -7. Let i(r) = r**3 + 14*r**2 + r + 9. Let w be i(y). Let a(z) = 2 + 0 - z + 0 - z. Give a(w).
12
Let a(m) be the second derivative of m**5/20 - 5*m**4/3 - 10*m**3/3 - 6*m**2 + 2144*m. Calculate a(21).
9
Suppose -k - 20 = 3*k, 5*k = 5*j - 35. Let y(a) = 6*a**2 - 12*a + 5. Let t be y(j). Let i(v) = -2*v + 3. What is i(t)?
-7
Let j = -8 - -15. Let o(c) be the second derivative of c**3/6 - 3*c**2 + 4*c - 18. Let f be o(j). Let y(k) = -23*k**2 + 1. What is y(f)?
-22
Let u(n) = -25*n + 25. Let m(i) = -18*i + 17. Suppose -p + 3*c = -2, -c + 18 = -3*p - 0*c. Let a(y) = p*m(y) + 5*u(y). Calculate a(-14).
-8
Let o(k) = -k**2 - 3*k + 11. Let i(z) = -3*z**2 - 10*z + 32. Suppose 0 = -4*r - n + 16, 2*r - 6*r = -n - 8. Let y(q) = r*i(q) - 8*o(q). Calculate y(-6).
8
Suppose -q + 20 = 3*q. Let o(m) = m**3 - 154825*m**2 - 2*m - 154832*m**2 + 464473*m**2 - 154821*m**2. Give o(q).
-10
Let y be 28/(10/(0 + 5)). Suppose 0 = -17*s + y*s - 108. Let k = s + 42. Let o(i) = i**2 - 5*i - 3. Determine o(k).
3
Let k be 11/2 - (-2)/(-4). Let m(d) = 14 - d**2 + 0*d - 27 + 3*d - 7 - 7 + 32. Give m(k).
-5
Let y(v) = 14*v - 41 + 100 - 17*v - v**3 - v**2 - 14*v + 7*v**2. Give y(5).
-1
Let t(w) = -8 + 46*w - 16 - 22*w + 45*w + 19*w - 3*w**2. Calculate t(29).
5
Let r be (48/9 - 4)/((-8)/(-18)). Suppose r*u = 2*v, v + 4*u = -4*v + 23. Suppose 0 = -n - v, 2*z - 4*n = -0*z. Let x(q) = -q**2 - 9*q - 3. Calculate x(z).
15
Let p = -54 - -56. Let k(w) = 19*w**2 + 8*w - 21*w**p - 7*w**3 + 1 - 8*w. Calculate k(1).
-8
Let a(v) = v**2 - 17*v + 63. Suppose -2*f + 4*p = -5*f + 55, -3*p + 66 = 5*f. What is a(f)?
-9
Let u = 28 - 52. Let x = -3 - u. Let w = 23 - x. Let d(n) = n**2 + 2*n - 3. Give d(w).
5
Let b(s) = 7*s - 5*s + s**2 - 73 + 73. Determine b(0).
0
Let a(j) = -3*j + 0*j + 4 + 67*j**2 - 74*j**2 - 7. What is a(3)?
-75
Suppose -14 = -3*n - 5. Let y be (n - 0)/(-1)*16/(-12). Suppose -y*t + 4 = -4*l, -4*l = 2*t + 3*t + 40. Let c(i) = 2*i**2 + 2*i + 3. Calculate c(t).
27
Let t(y) = -841 - y**2 - y**2 + y**2 + y**3 + 854. Suppose 0*u - 16 = 4*u - 5*s, u - 3*s = -4. Let w be (-7)/(-14) + 2/u. Calculate t(w).
13
Let z(g) = 6*g**3 + g**2 - 3*g - 2. Let d = 967 + -969. Calculate z(d).
-40
Let u(p) be the third derivative of -p**5/60 + 19*p**4/24 - 11*p**3/6 - 136*p**2. Calculate u(18).
7
Let s(f) = f**3 - 1. Let b(k) = 2*k**3 - 2*k - 3. Let o(r) = -b(r) + 5*s(r). Let n be o(1). Let j(q) = -24 - 31 - n*q + q + 57. Determine j(-4).
10
Let d(h) be the first derivative of -h**2/2 + 8*h + 1826. Determine d(-9).
17
Let f(a) = 14*a - 17. Let v(y) = 5*y - 6. Let g(m) = -6*f(m) + 17*v(m). Let l = 10 + -7. Suppose 0*b = -l*b - 21. Calculate g(b).
-7
Let j(p) = -p**3 - 8*p**2 + 13*p + 10. Let n be ((-2)/5)/((-388)/380 + 1). Suppose -4*t - n = 3*r, -2*t + 5*t = -r - 3. Calculate j(r).
-26
Let l be ((-4)/9)/((-28)/126). Let f(n) = -17*n**2 - 38*n - l + 29*n - n**3 + 9*n**2. What is f(-6)?
-20
Let v(y) = y**3 - 7*y**2 + 9. Let p = 265 + -257. Suppose -15 - 41 = -p*u. Calculate v(u).
9
Let i(m) = -m**3 - 21*m**2 + 19*m + 5. Suppose -5*n = 185*t - 187*t + 106, -3*n - 2*t = 70. What is i(n)?
71
Let s(d) = -16 - 5880*d**2 + 2940*d**2 + d**3 - 7*d + 2945*d**2 - 4*d. Calculate s(-7).
-37
Let u(q) be the second derivative of -q**4/12 + 8*q**3/3 - 21*q**2/2 + 11913*q. What is u(11)?
34
Let m be -46 + (-7)/(14/8). Let f = -42 - m. Let r(k) = f*k**2 + 18 - 1 - 10 - 8. Calculate r(-1).
7
Let o = 171 + -169. Let x(w) = 4 + 3*w**o - 7*w**2 + 9*w**2 - 5*w - 6*w**2. Calculate x(-6).
-2
Let u(c) = -702*c + 3512. Let k be u(5). Let y(h) be the second derivative of 25*h - 1/6*h**3 - 7/2*h**k + 0. Calculate y(-5).
-2
Suppose 8 = 2*i + 6. Suppose 2*j - 3*j - 3*g = -1, -4*g - 16 = -3*j. Let a(y) = y + y**2 - 3 - 4 + j*y - i. Determine a(-6).
-2
Let w be (4/(-10))/(150/2625). Let d(a) = 2*a**3 + 12*a**2 - 8*a + 15. Calculate d(w).
-27
Let l(a) = 8*a**2 - 6*a - 3. Let r(y) be the first derivative of 23*y**3/3 - 17*y**2/2 - 8*y - 15. Let k(g) = 11*l(g) - 4*r(g). Calculate k(3).
-31
Let l be (-4)/10 - (-14)/10. Let h(m) = -214*m + 294*m - 1 + 2 - 80*m + 7*m**2. Give h(l).
8
Let g(r) be the second derivative of -5*r**3/2 + 3*r**2 + r. Let p(y) = 329 - 175 + 7*y - 157. Let w(h) = 6*g(h) + 13*p(h). Calculate w(6).
3
Let j(i) = i**2 + 1. Suppose 0 = 3*g - 0*g - 3. Let v(y) = -3*y**2 + 5*y - 58 + 27 + 25. Let z(x) = g*v(x) + 2*j(x). Determine z(4).
0
Let z(c) = 72 + 66 - 160 - 18*c - c**3 + 45 - 11*c + 30*c**2. Calculate z(29).
23
Suppose 19*b + 47*b - 594 = 0. Let m(u) = u**2 - u - 18. What is m(b)?
54
Let l(n) = -n - 13. Suppose 3*o + 2*u = 1267 - 155, -5*o + 4*u + 1890 = 0. Suppose -31*s = 3*s + o. Calculate l(s).
-2
Let w(k) be the third derivative of -k**5/60 - k**4/12 + 7*k**3/3 + 758*k**2 - 2. Calculate w(-8).
-34
Suppose 34*g - 16 = 30*g. Let j(r) = 1 - g*r**2 - r - r**2 + 5 - 9*r**3 + 10*r**3. Determine j(5).
1
Let p(g) = 2*g**2 - 2*g + 2. Suppose -4*w = -3*o - 9*w + 187, -3*w + 126 = 2*o. Let h = 69 - o. Let t = h - -2. Calculate p(t).
6
Let b(t) = -1 - t**3 - 1 - 4*t**2 + 4*t**2 + t. Let j(l) = l + 3. Let n = 117 - 120. Let p be j(n). Determine b(p).
-2
Let m(u) = 46*u. Suppose -17 + 24 = 3*b - 2*d, 2*d = 4*b - 8. Determine m(b).
46
Let m = 35107/3 - 11702. Let f(n) be the third derivative of m*n**4 + 0*n + 0 + 29*n**2 + 0*n**3. Give f(2).
16
Let z(u) = -1489*u**3 + 1 + 7*u**2 + 10*u + 0*u + 1490*u**3 + 15. Give z(-6).
-8
Let p(s) = 4*s - 28. Suppose 2*t = -0 + 6, 5*t - 19 = -u. What is p(u)?
-12
Let o = -16071 - -16068. Let i(j) = j**3 + 2*j**2 - 13*j - 33. Determine i(o).
-3
Let d(f) = -9*f - 25. Let n(p) = -p + 1. Let k(h) = d(h) - 5*n(h). Let x be 2 - 6*(-2)/8*-6. Determine k(x).
-2
Suppose k - 55 = -10*k. Suppose g - 12 = k*j, -5*j + 38*g = 39*g + 18. Let u(i) = i**3 + 4*i**2 + 3*i + 7. What is u(j)?
7
Let m(a) be the first derivative of 9*a**2 - 51*a - 1883. Calculate m(6).
57
Let c(s) = -14*s**3 - 1. Suppose -3*m - 38 = -5*p + 15, 5*m = 3*p - 99. Suppose 17*q = -22*q + 780. Let h = q + m. Determine c(h).
13
Let z(v) = -v - 2. Let f be z(5). Let x(u) = -350*u**2 - 2 - 4*u + 7*u + 3*u + 349*u**2 - 5 - 15*u. Calculate x(f).
7
Let a(i) = -6*i + 5. Suppose -2*n + 1 = p, 5*n - 2*p - 2*p + 4 = 0. Let k be a(n). Let h(u) = -u**2 + 2*u**3 + 2*u**2 + k*u**2 - 5*u**2. Determine h(-1).
-1
Let u(c) = 2*c**2 - c + 6. Let a(n) = -n**2 + n - 4. Let l = -292 - -295. Let s(b) = l*a(b) + 2*u(b). Calculate s(-2).
2
Suppose 1619 - 1637 = -6*l. Let r(t) = -3*t**3 + 3*t**2 - t + 4. Determine r(l).
-53
Let g(a) = -17*a - 13*a - 10*a - 46 + 8*a + 19*a. Calculate g(-3).
-7
Let w(x) = -x**2 - 6*x + 3. Let r = 7 + 18. Let d = -3156 - -3159. Let q be (-3)/(-18)*2 - r/d. Calculate w(q).
-13
Let c(n) = n + 2. Let f(t) = -t**2 + 8*t - 7. Let r be f(2). Suppose -3*u + 17 = -r*b - 0*u, -2*b + 2*u = 6. Let m be b + 8 + 2*1 - 0. Give c(m).
8
Let x = -266 - -267. Suppose x - 233 = -29*k. Let c(f) = f**2 - 8*f - 11. Calculate c(k).
-11
Let w(d) = 29*d - 23. Let v(i) = -13*i + 10. Let s(q) = -9*v(q) - 4*w(q). Give s(7).
9
Suppose -8 = 29*b - 37*b. Suppose 2*s + 8 = 12. Let j(c) = -8*c**s + 23*c + 1 + 24*c - 49*c. What is j(b)?
-9
Let k(g) = -g**2 - 11*g - 11. Let a(x) = -6 + 7 + 4*x + 3 - x**2. Let q be a(-2). Give k(q).
13
Let p(d) = -47*d + 6. Let g(m) = 23*m - 2. Let a(f) = -13*g(f) - 6*p(f). Let n(b) = -5*b - 3. Let o(x) = 2*a(x) - 7*n(x). Determine o(-5).
-4
Let w = 21 + -19. Let i be (-24)/(-9) - w - (-64)/12. Let q(o) = -11 + i + o + 6 + 0*o. Determine q(1).
2
Let g(u) = -u**3 + 9*u**2 - 4*u + 11. Suppose 1188 = 14*i + 8*i. Suppose 2*d - i